{"id":76,"date":"2025-09-29T09:35:04","date_gmt":"2025-09-29T07:35:04","guid":{"rendered":"http:\/\/localhost\/wordpress\/?page_id=76"},"modified":"2025-10-31T16:45:39","modified_gmt":"2025-10-31T14:45:39","slug":"cours","status":"publish","type":"page","link":"https:\/\/www.mohggi.fr\/index.php\/cours\/","title":{"rendered":"Cours"},"content":{"rendered":"\t\t<div data-elementor-type=\"wp-page\" data-elementor-id=\"76\" class=\"elementor elementor-76\">\n\t\t\t\t<div class=\"elementor-element elementor-element-9caadd8 e-flex e-con-boxed e-con e-parent\" data-id=\"9caadd8\" data-element_type=\"container\" data-e-type=\"container\">\n\t\t\t\t\t<div class=\"e-con-inner\">\n\t\t\t\t<div class=\"elementor-element elementor-element-bce57d5 elementor-widget elementor-widget-heading\" data-id=\"bce57d5\" data-element_type=\"widget\" data-e-type=\"widget\" data-widget_type=\"heading.default\">\n\t\t\t\t\t<h2 class=\"elementor-heading-title elementor-size-default\">Cours<\/h2>\t\t\t\t<\/div>\n\t\t\t\t<div class=\"elementor-element elementor-element-54aefd9 elementor-widget elementor-widget-heading\" data-id=\"54aefd9\" data-element_type=\"widget\" data-e-type=\"widget\" data-widget_type=\"heading.default\">\n\t\t\t\t\t<h4 class=\"elementor-heading-title elementor-size-default\">Enfant \/ Ado \/ Adulte<\/h4>\t\t\t\t<\/div>\n\t\t\t\t<div class=\"elementor-element elementor-element-abf4f60 elementor-widget elementor-widget-heading\" data-id=\"abf4f60\" data-element_type=\"widget\" data-e-type=\"widget\" data-widget_type=\"heading.default\">\n\t\t\t\t\t<h4 class=\"elementor-heading-title elementor-size-default\">Au Centre d'Art Camille Varlet \u00e0 Veneux Les Sablons<\/h4>\t\t\t\t<\/div>\n\t\t\t\t\t<\/div>\n\t\t\t\t<\/div>\n\t\t<div class=\"elementor-element elementor-element-e8027af e-flex e-con-boxed e-con e-parent\" data-id=\"e8027af\" data-element_type=\"container\" data-e-type=\"container\">\n\t\t\t\t\t<div class=\"e-con-inner\">\n\t\t\t\t<div class=\"elementor-element elementor-element-3cea76a elementor-widget__width-initial elementor-widget elementor-widget-image\" data-id=\"3cea76a\" data-element_type=\"widget\" data-e-type=\"widget\" data-widget_type=\"image.default\">\n\t\t\t\t\t\t\t\t\t\t\t\t\t\t\t<img fetchpriority=\"high\" decoding=\"async\" width=\"768\" height=\"1024\" src=\"https:\/\/www.mohggi.fr\/wp-content\/uploads\/2025\/10\/cours-arts-plastiques-Marianne-1-768x1024.jpg\" class=\"attachment-large size-large wp-image-465\" alt=\"\" srcset=\"https:\/\/www.mohggi.fr\/wp-content\/uploads\/2025\/10\/cours-arts-plastiques-Marianne-1-768x1024.jpg 768w, https:\/\/www.mohggi.fr\/wp-content\/uploads\/2025\/10\/cours-arts-plastiques-Marianne-1-225x300.jpg 225w, https:\/\/www.mohggi.fr\/wp-content\/uploads\/2025\/10\/cours-arts-plastiques-Marianne-1-1152x1536.jpg 1152w, https:\/\/www.mohggi.fr\/wp-content\/uploads\/2025\/10\/cours-arts-plastiques-Marianne-1-1536x2048.jpg 1536w, https:\/\/www.mohggi.fr\/wp-content\/uploads\/2025\/10\/cours-arts-plastiques-Marianne-1-scaled.jpg 1920w\" sizes=\"(max-width: 768px) 100vw, 768px\" \/>\t\t\t\t\t\t\t\t\t\t\t\t\t\t\t<\/div>\n\t\t<div class=\"elementor-element elementor-element-e88c566 e-con-full e-flex e-con e-child\" data-id=\"e88c566\" data-element_type=\"container\" data-e-type=\"container\">\n\t\t\t\t<div class=\"elementor-element elementor-element-fbe1ccd elementor-widget elementor-widget-text-editor\" data-id=\"fbe1ccd\" data-element_type=\"widget\" data-e-type=\"widget\" data-widget_type=\"text-editor.default\">\n\t\t\t\t\t\t\t\t\t<p>Le cours est structur\u00e9 comme un voyage chronologique \u00e0 travers l&rsquo;histoire de l&rsquo;Art. \u00c0 chaque s\u00e9ance, votre enfant d\u00e9couvre un grand courant artistique (de la Pr\u00e9histoire au Pop Art), apprend ses principes fondamentaux et s&rsquo;approprie la technique embl\u00e9matique associ\u00e9e. Par exemple pour la pr\u00e9histoire, gr\u00e2ce \u00e0 de nombreux supports visuels, l&rsquo;enfant d\u00e9couvre l&rsquo;art pari\u00e9tal en exp\u00e9rimentant les m\u00e9langes de pigments naturels. Nous voyagerons ainsi de l&rsquo;Egypte antique au cubisme en passant par le moyen-\u00e2ge.<br \/><br \/>Quand l&rsquo;Histoire de l&rsquo;Art devient un terrain de jeu cr\u00e9atif !<\/p>\t\t\t\t\t\t\t\t<\/div>\n\t\t<div class=\"elementor-element elementor-element-6777c31 e-con-full e-grid e-con e-child\" data-id=\"6777c31\" data-element_type=\"container\" data-e-type=\"container\">\n\t\t\t\t<div class=\"elementor-element elementor-element-f81676e elementor-widget elementor-widget-text-editor\" data-id=\"f81676e\" data-element_type=\"widget\" data-e-type=\"widget\" data-widget_type=\"text-editor.default\">\n\t\t\t\t\t\t\t\t\t<p><strong>Atelier Enfant<br \/><\/strong><em>\u00e0 partir du CP<\/em><\/p><p>mercredi 15:30 &#8211; 17:00<br \/>246 \u20ac \/an<br \/>mat\u00e9riel compris<\/p>\t\t\t\t\t\t\t\t<\/div>\n\t\t\t\t<div class=\"elementor-element elementor-element-072530a elementor-widget elementor-widget-text-editor\" data-id=\"072530a\" data-element_type=\"widget\" data-e-type=\"widget\" data-widget_type=\"text-editor.default\">\n\t\t\t\t\t\t\t\t\t<p><strong>Atelier ado\/adulte<br \/><\/strong><em>\u00e0 partir de la 6e<\/em><\/p><p>mercredi 17:30 &#8211; 19:30<br \/>330 \u20ac \/an<br \/>mat\u00e9riel compris<\/p>\t\t\t\t\t\t\t\t<\/div>\n\t\t\t\t<\/div>\n\t\t\t\t<div class=\"elementor-element elementor-element-1603e9d elementor-widget elementor-widget-text-editor\" data-id=\"1603e9d\" data-element_type=\"widget\" data-e-type=\"widget\" data-widget_type=\"text-editor.default\">\n\t\t\t\t\t\t\t\t\t<p>+10\u20ac d&rsquo;adh\u00e9sion<\/p><p>Renseignements et inscriptions :<br \/><strong>marianne.broggi@gmail.com &#8211; 06 18 32 82 39<\/strong><\/p>\t\t\t\t\t\t\t\t<\/div>\n\t\t\t\t<\/div>\n\t\t\t\t<div class=\"elementor-element elementor-element-5abd9f4 elementor-widget elementor-widget-image\" data-id=\"5abd9f4\" data-element_type=\"widget\" data-e-type=\"widget\" data-widget_type=\"image.default\">\n\t\t\t\t\t\t\t\t\t\t\t\t\t\t\t<img decoding=\"async\" width=\"768\" height=\"1024\" src=\"https:\/\/www.mohggi.fr\/wp-content\/uploads\/2025\/10\/IMG_20251014_175506-768x1024.jpg\" class=\"attachment-large size-large wp-image-482\" alt=\"\" srcset=\"https:\/\/www.mohggi.fr\/wp-content\/uploads\/2025\/10\/IMG_20251014_175506-768x1024.jpg 768w, https:\/\/www.mohggi.fr\/wp-content\/uploads\/2025\/10\/IMG_20251014_175506-225x300.jpg 225w, https:\/\/www.mohggi.fr\/wp-content\/uploads\/2025\/10\/IMG_20251014_175506-1152x1536.jpg 1152w, https:\/\/www.mohggi.fr\/wp-content\/uploads\/2025\/10\/IMG_20251014_175506-1536x2048.jpg 1536w, https:\/\/www.mohggi.fr\/wp-content\/uploads\/2025\/10\/IMG_20251014_175506-scaled.jpg 1920w\" sizes=\"(max-width: 768px) 100vw, 768px\" \/>\t\t\t\t\t\t\t\t\t\t\t\t\t\t\t<\/div>\n\t\t\t\t\t<\/div>\n\t\t\t\t<\/div>\n\t\t<div class=\"elementor-element elementor-element-82ed8ef e-flex e-con-boxed e-con e-parent\" data-id=\"82ed8ef\" data-element_type=\"container\" data-e-type=\"container\">\n\t\t\t\t\t<div class=\"e-con-inner\">\n\t\t\t\t<div class=\"elementor-element elementor-element-7adf737 elementor-widget elementor-widget-heading\" data-id=\"7adf737\" data-element_type=\"widget\" data-e-type=\"widget\" data-widget_type=\"heading.default\">\n\t\t\t\t\t<h2 class=\"elementor-heading-title elementor-size-default\">Stages<\/h2>\t\t\t\t<\/div>\n\t\t\t\t\t<\/div>\n\t\t\t\t<\/div>\n\t\t<div class=\"elementor-element elementor-element-9a3b921 e-flex e-con-boxed e-con e-parent\" data-id=\"9a3b921\" data-element_type=\"container\" data-e-type=\"container\">\n\t\t\t\t\t<div class=\"e-con-inner\">\n\t\t\t\t<div class=\"elementor-element elementor-element-bcd4801 elementor-widget elementor-widget-text-editor\" data-id=\"bcd4801\" data-element_type=\"widget\" data-e-type=\"widget\" data-widget_type=\"text-editor.default\">\n\t\t\t\t\t\t\t\t\t<p>Diff\u00e9rents stages sont propos\u00e9s toute l&rsquo;ann\u00e9e selon les th\u00e8mes de la saison<\/p>\t\t\t\t\t\t\t\t<\/div>\n\t\t\t\t<div class=\"elementor-element elementor-element-d27b409 gallery-spacing-custom elementor-widget__width-initial elementor-widget elementor-widget-image-gallery\" data-id=\"d27b409\" data-element_type=\"widget\" data-e-type=\"widget\" data-widget_type=\"image-gallery.default\">\n\t\t\t\t\t\t\t<div class=\"elementor-image-gallery\">\n\t\t\t<div id='gallery-1' class='gallery galleryid-76 gallery-columns-3 gallery-size-medium_large'><figure class='gallery-item'>\n\t\t\t<div class='gallery-icon portrait'>\n\t\t\t\t<a data-elementor-open-lightbox=\"yes\" data-elementor-lightbox-slideshow=\"d27b409\" data-elementor-lightbox-title=\"atelier Halloween 2025\" data-e-action-hash=\"#elementor-action%3Aaction%3Dlightbox%26settings%3DeyJpZCI6NDY4LCJ1cmwiOiJodHRwczpcL1wvd3d3Lm1vaGdnaS5mclwvd3AtY29udGVudFwvdXBsb2Fkc1wvMjAyNVwvMTBcL2F0ZWxpZXItSGFsbG93ZWVuLTIwMjUucG5nIiwic2xpZGVzaG93IjoiZDI3YjQwOSJ9\" href='https:\/\/www.mohggi.fr\/wp-content\/uploads\/2025\/10\/atelier-Halloween-2025.png'><img decoding=\"async\" width=\"768\" height=\"1086\" src=\"https:\/\/www.mohggi.fr\/wp-content\/uploads\/2025\/10\/atelier-Halloween-2025-768x1086.png\" class=\"attachment-medium_large size-medium_large\" alt=\"\" srcset=\"https:\/\/www.mohggi.fr\/wp-content\/uploads\/2025\/10\/atelier-Halloween-2025-768x1086.png 768w, https:\/\/www.mohggi.fr\/wp-content\/uploads\/2025\/10\/atelier-Halloween-2025-212x300.png 212w, https:\/\/www.mohggi.fr\/wp-content\/uploads\/2025\/10\/atelier-Halloween-2025-724x1024.png 724w, https:\/\/www.mohggi.fr\/wp-content\/uploads\/2025\/10\/atelier-Halloween-2025-1086x1536.png 1086w, https:\/\/www.mohggi.fr\/wp-content\/uploads\/2025\/10\/atelier-Halloween-2025.png 1414w\" sizes=\"(max-width: 768px) 100vw, 768px\" \/><\/a>\n\t\t\t<\/div><\/figure><figure class='gallery-item'>\n\t\t\t<div class='gallery-icon portrait'>\n\t\t\t\t<a data-elementor-open-lightbox=\"yes\" data-elementor-lightbox-slideshow=\"d27b409\" data-elementor-lightbox-title=\"atelier des lutins 2025\" data-e-action-hash=\"#elementor-action%3Aaction%3Dlightbox%26settings%3DeyJpZCI6NDY3LCJ1cmwiOiJodHRwczpcL1wvd3d3Lm1vaGdnaS5mclwvd3AtY29udGVudFwvdXBsb2Fkc1wvMjAyNVwvMTBcL2F0ZWxpZXItZGVzLWx1dGlucy0yMDI1LnBuZyIsInNsaWRlc2hvdyI6ImQyN2I0MDkifQ%3D%3D\" href='https:\/\/www.mohggi.fr\/wp-content\/uploads\/2025\/10\/atelier-des-lutins-2025.png'><img loading=\"lazy\" decoding=\"async\" width=\"768\" height=\"1083\" src=\"https:\/\/www.mohggi.fr\/wp-content\/uploads\/2025\/10\/atelier-des-lutins-2025-768x1083.png\" class=\"attachment-medium_large size-medium_large\" alt=\"\" srcset=\"https:\/\/www.mohggi.fr\/wp-content\/uploads\/2025\/10\/atelier-des-lutins-2025-768x1083.png 768w, https:\/\/www.mohggi.fr\/wp-content\/uploads\/2025\/10\/atelier-des-lutins-2025-213x300.png 213w, https:\/\/www.mohggi.fr\/wp-content\/uploads\/2025\/10\/atelier-des-lutins-2025-726x1024.png 726w, https:\/\/www.mohggi.fr\/wp-content\/uploads\/2025\/10\/atelier-des-lutins-2025-1090x1536.png 1090w, https:\/\/www.mohggi.fr\/wp-content\/uploads\/2025\/10\/atelier-des-lutins-2025.png 1240w\" sizes=\"(max-width: 768px) 100vw, 768px\" \/><\/a>\n\t\t\t<\/div><\/figure><figure class='gallery-item'>\n\t\t\t<div class='gallery-icon portrait'>\n\t\t\t\t<a data-elementor-open-lightbox=\"yes\" data-elementor-lightbox-slideshow=\"d27b409\" data-elementor-lightbox-title=\"atelier japon 2026\" data-e-action-hash=\"#elementor-action%3Aaction%3Dlightbox%26settings%3DeyJpZCI6NDY5LCJ1cmwiOiJodHRwczpcL1wvd3d3Lm1vaGdnaS5mclwvd3AtY29udGVudFwvdXBsb2Fkc1wvMjAyNVwvMTBcL2F0ZWxpZXItamFwb24tMjAyNi5wbmciLCJzbGlkZXNob3ciOiJkMjdiNDA5In0%3D\" href='https:\/\/www.mohggi.fr\/wp-content\/uploads\/2025\/10\/atelier-japon-2026.png'><img loading=\"lazy\" decoding=\"async\" width=\"768\" height=\"1083\" src=\"https:\/\/www.mohggi.fr\/wp-content\/uploads\/2025\/10\/atelier-japon-2026-768x1083.png\" class=\"attachment-medium_large size-medium_large\" alt=\"\" srcset=\"https:\/\/www.mohggi.fr\/wp-content\/uploads\/2025\/10\/atelier-japon-2026-768x1083.png 768w, https:\/\/www.mohggi.fr\/wp-content\/uploads\/2025\/10\/atelier-japon-2026-213x300.png 213w, https:\/\/www.mohggi.fr\/wp-content\/uploads\/2025\/10\/atelier-japon-2026-726x1024.png 726w, https:\/\/www.mohggi.fr\/wp-content\/uploads\/2025\/10\/atelier-japon-2026-1090x1536.png 1090w, https:\/\/www.mohggi.fr\/wp-content\/uploads\/2025\/10\/atelier-japon-2026.png 1240w\" sizes=\"(max-width: 768px) 100vw, 768px\" \/><\/a>\n\t\t\t<\/div><\/figure>\n\t\t<\/div>\n\t\t<\/div>\n\t\t\t\t\t\t<\/div>\n\t\t\t\t\t<\/div>\n\t\t\t\t<\/div>\n\t\t\t\t<\/div>\n\t\t","protected":false},"excerpt":{"rendered":"<p>Cours Enfant \/ Ado \/ Adulte Au Centre d&rsquo;Art Camille Varlet \u00e0 Veneux Les Sablons Le cours est structur\u00e9 comme un voyage chronologique \u00e0 travers l&rsquo;histoire de l&rsquo;Art. \u00c0 chaque s\u00e9ance, votre enfant d\u00e9couvre un grand courant artistique (de la Pr\u00e9histoire au Pop Art), apprend ses principes fondamentaux et s&rsquo;approprie la technique embl\u00e9matique associ\u00e9e. Par [&hellip;]<\/p>\n","protected":false},"author":2,"featured_media":0,"parent":0,"menu_order":0,"comment_status":"closed","ping_status":"closed","template":"","meta":{"pgc_sgb_lightbox_settings":"","footnotes":""},"class_list":["post-76","page","type-page","status-publish","hentry"],"_links":{"self":[{"href":"https:\/\/www.mohggi.fr\/index.php\/wp-json\/wp\/v2\/pages\/76","targetHints":{"allow":["GET"]}}],"collection":[{"href":"https:\/\/www.mohggi.fr\/index.php\/wp-json\/wp\/v2\/pages"}],"about":[{"href":"https:\/\/www.mohggi.fr\/index.php\/wp-json\/wp\/v2\/types\/page"}],"author":[{"embeddable":true,"href":"https:\/\/www.mohggi.fr\/index.php\/wp-json\/wp\/v2\/users\/2"}],"replies":[{"embeddable":true,"href":"https:\/\/www.mohggi.fr\/index.php\/wp-json\/wp\/v2\/comments?post=76"}],"version-history":[{"count":19,"href":"https:\/\/www.mohggi.fr\/index.php\/wp-json\/wp\/v2\/pages\/76\/revisions"}],"predecessor-version":[{"id":491,"href":"https:\/\/www.mohggi.fr\/index.php\/wp-json\/wp\/v2\/pages\/76\/revisions\/491"}],"wp:attachment":[{"href":"https:\/\/www.mohggi.fr\/index.php\/wp-json\/wp\/v2\/media?parent=76"}],"curies":[{"name":"wp","href":"https:\/\/api.w.org\/{rel}","templated":true}]}}